 + c**3 + 2*c**2 + 1 - 6 - 15*c**2 + c. What are the prime factors of f(12)?
43
Let d be ((-3)/5 - 2190/(-25)) + -1. Let k = 240 - d. What are the prime factors of k?
2, 7, 11
Let v(s) = -7*s + 3. Let z be v(-4). Suppose 33 = 4*l - z. Let j = 26 - l. What are the prime factors of j?
2, 5
Suppose 3*q = 10 - 4. Suppose 2*l - 40 = -l + 4*i, -q*i - 76 = -5*l. What are the prime factors of 2 + -1 + 2*l?
3, 11
Let k(t) = t**3 + 15*t**2 - 4*t + 41. Let b be k(-14). Let y = -139 + b. What are the prime factors of y?
2, 7, 11
Let x = -143 - -278. List the prime factors of x.
3, 5
Suppose -3*t + 1887 = 3*u, 0 = -3*t + 2*u + 3*u + 1847. Suppose 0 = -5*q + 221 + t. List the prime factors of q.
13
Suppose 0 = 82*o - 80*o - 868. List the prime factors of o.
2, 7, 31
Suppose 2*o - 30 = -3*o - 5*n, -n - 4 = 0. Let r = -4 - -36. Suppose -2*a - o = 3*a, -2*a - r = -4*c. List the prime factors of c.
7
Suppose 5*s = x + s + 12, 0 = -2*x - 2*s + 16. Suppose -2*d + x*q = -0 - 20, -2*d = 4*q - 52. Suppose d = y + z, 7 = y + 3*z - 11. List the prime factors of y.
2, 3
Suppose 3*p - 8*p - 70 = 0. Let h be (-42)/p - -1*1. Suppose -88 = -h*n + 6*q - q, -4*q = n - 1. What are the prime factors of n?
17
Suppose -3*i = 4*g + 56, 2*g = -3*i - 2*i - 14. Let n = 22 + g. Suppose 0*h - 23 = -h - 4*t, n*t = 25. What are the prime factors of h?
3
List the prime factors of 9/(-12) - (-714630)/168.
4253
List the prime factors of (-4454)/(-5) + (-318)/(-265).
2, 223
Suppose -39*c = -42*c - 36. Let u = -87 + 58. Let y = c - u. What are the prime factors of y?
17
Suppose 26*i + 64485 = 71*i. List the prime factors of i.
1433
What are the prime factors of (-3)/(-9) - (41448/(-18))/4?
2, 3
Let p = 36 - -74. What are the prime factors of p?
2, 5, 11
Suppose -218*c + 8424 = -214*c. What are the prime factors of c?
2, 3, 13
Let w be (-10)/(-4) + (-7)/(-14). Let o be 4/(-6)*w - -52. Suppose -10 = 5*y - o. What are the prime factors of y?
2
Suppose 4*j = 5*w + 1636, j + 3*w + 209 = 635. List the prime factors of j.
2, 3, 23
Let a(t) = -t + 17. Let l = 1 + -1. Let n be a(l). Let z = n - 0. What are the prime factors of z?
17
Let b be (35/35)/((-2)/(100/2)). What are the prime factors of (-4 + 19)*(-190)/b?
2, 3, 19
Suppose 0 = 5*p - 20, -p + 29209 = 11*r - 6*r. What are the prime factors of r?
3, 11, 59
Let i = 57 + -55. Suppose 8*x - 3*x - 4*a - 383 = 0, 5*a - 140 = -i*x. List the prime factors of x.
3, 5
Let n(s) = -2*s - 62. Let p be n(-21). Let v = 8 - p. List the prime factors of v.
2, 7
Let w(h) = -18*h - 143. List the prime factors of w(-26).
5, 13
Let p(w) = w**2 - 15*w + 3. Let a be p(15). Suppose a*s + 116 + 82 = 3*k, 271 = 4*k + 3*s. List the prime factors of k.
67
Let w be ((-14)/42)/(1/63). Let i = w + 144. What are the prime factors of i?
3, 41
Let i = 40 + -72. What are the prime factors of (i/(-3) + 15/45)*9?
3, 11
Suppose 5892 = 23*h - 20*h. What are the prime factors of h?
2, 491
Suppose -3*w = 2*w - 250. Let f(n) = 3*n + 40. Let o be f(-12). Suppose -o*x + w + 62 = 0. What are the prime factors of x?
2, 7
Let m(c) = 8*c**2 + 5*c - 9. What are the prime factors of m(-5)?
2, 83
Let c(n) = n**2 + 7*n + 8. Let m be c(-6). Let i be (-45)/(-10) - (-1)/m. Suppose 7 = i*l - 93. List the prime factors of l.
2, 5
Let g(x) = 4*x - 2. Let m be g(1). What are the prime factors of ((-291)/(-6) - -2)*m/1?
101
Let w = 12 - 12. Suppose -2*y + 2*v + 3*v + 16 = 0, v = w. List the prime factors of y.
2
Let f(a) = a**2 + 2*a. Let v be f(-3). Suppose -v*c = -13*c + 120. List the prime factors of c.
2, 3
Suppose -15*w + 1270 + 500 = 0. What are the prime factors of w?
2, 59
Suppose 1730 = 3*t - 2*c, -2878 = -5*t - 8*c + 6*c. What are the prime factors of t?
2, 3
Let x(b) = -b**3 + b + 50. Let i be x(0). Suppose 0 = o - d + 3*d - 16, 5*d + i = 2*o. Suppose 5*r - 115 = o. What are the prime factors of r?
3
Suppose -3*f = b - 4*f - 368, f - 748 = -2*b. Let o = -263 + b. List the prime factors of o.
109
List the prime factors of (-3 + 0 - -1) + (207 - -51).
2
List the prime factors of 514 + (2/4 - 28/56).
2, 257
Suppose 4*g - 4 = -0*g. Let f be (g - 0)*-1 - -194. Suppose -5*o + 2*o = -2*p - 107, 4*p - f = -5*o. What are the prime factors of o?
37
Suppose -z - 8 = -4*y, 42 = -4*z + y - 5. Let o = z + 3. Let d = o + 11. List the prime factors of d.
2
Let d(l) = -2*l - 5. Let j be d(-4). Let a be 9/6 + (-46)/4. What are the prime factors of 165/(-22)*a/j?
5
Let c = 397 - 102. What are the prime factors of c?
5, 59
Let b = -52 - -17. What are the prime factors of 6/14 - 1910/b?
5, 11
Suppose 1 + 27 = -4*a. List the prime factors of 39 - a - (1 + -3).
2, 3
Suppose -1604 = 96*w - 100*w. What are the prime factors of w?
401
Let p(r) = -2*r**2 - 5*r + 6. Let c be p(11). Let b = c + 411. What are the prime factors of b?
2, 3, 5
Suppose -12 = -2*i - 4. Let m(q) = 3*q**2 + 11*q - 21. What are the prime factors of m(i)?
71
Let x(l) = 14*l + 13. Let r be x(-4). Let c = r + 64. List the prime factors of c.
3, 7
Let n be (2 - 4)*(3 + -8). Let p = 47 + n. What are the prime factors of p?
3, 19
Let k(i) = 2*i - 55*i**3 - 2 + 134*i**3 - 55*i**3 + i**2. Let a = 0 - -1. List the prime factors of k(a).
5
Suppose -1062 = -4*z + 2*d, 0 = -4*z + 3*d - 2*d + 1067. What are the prime factors of z?
2, 67
Suppose -8*v + v = -322. What are the prime factors of (9/3 - v)*-2?
2, 43
Suppose -s - 1467 = -6*s + d, 0 = 3*s + d - 877. Let y = s + -185. List the prime factors of y.
2, 3
Suppose -38 = -5*m - 5*u + 3*u, 0 = 2*m - 5*u + 8. Suppose m*y - 15*y + 873 = 0. List the prime factors of y.
97
List the prime factors of ((-52)/10)/((-42)/(-70))*-27.
2, 3, 13
Let x be (-27)/(-6) + 7/(-14). Suppose x*f + 5*l = 4*l + 23, 3*l = -3. Suppose -f*r = -r + 5*h - 100, 0 = -5*r + 3*h + 108. What are the prime factors of r?
3, 7
Let d(u) = 3*u**3 - 2*u**2. Suppose -2*f - 4 - 6 = 0. Let a = -3 - f. What are the prime factors of d(a)?
2
Let t(j) = -3*j - 32. Let k be t(-13). Suppose -2*c + k*c = -4*u + 319, 5*u - 401 = -4*c. What are the prime factors of u?
3
Suppose 43 = 5*n - r + 2, 0 = -3*n - 5*r + 47. What are the prime factors of (8/(-10))/((-10)/175)*n?
2, 3, 7
Let c(j) = j**2 + j. Let s(p) = 2*p**2 + 8*p + 2. Let m(v) = -c(v) + s(v). Let f be m(-7). Suppose f*n + 8 = 6*n. List the prime factors of n.
2
Let u(v) = v**2 - 6*v + 2. Let k be u(7). Let h = 83 - 62. Let d = k + h. List the prime factors of d.
2, 3, 5
Let m(q) = 16*q - 91. Let d be m(6). Suppose -d*v + 0*v = j - 156, -v + 24 = 2*j. List the prime factors of v.
2
Suppose o = 3*l - 203, -o = -2*l + o + 138. What are the prime factors of l?
67
Let o(a) = -a + 2. Let x be o(6). Let h = x + 6. Suppose -3*q - h*q + 28 = 4*m, -m + 7 = 3*q. What are the prime factors of m?
7
Suppose 0 = -w + 17*w - 12960. List the prime factors of w.
2, 3, 5
Suppose -12 = b - 7, 4*z - 4*b = 15572. What are the prime factors of z?
2, 3
Let b(u) = 2*u - 3 - u - 4*u + 2*u**2. Let i be b(5). Let z = i - 21. List the prime factors of z.
11
Suppose -3*c = 4*s - 5*s - 2338, 782 = c - s. List the prime factors of c.
2, 389
Suppose 0 = -4*w + 2*w. Suppose 5*m - t + 4*t - 532 = w, -m + 4*t + 111 = 0. Suppose -m - 16 = -3*u. List the prime factors of u.
41
Let m(r) = -14*r**3 - 65*r**2 - 48*r + 112. Let y(c) = -5*c**3 - 22*c**2 - 16*c + 37. Let d(a) = 4*m(a) - 11*y(a). List the prime factors of d(-17).
2, 3
Let k(d) = -d**3 + 20*d**2 + 92*d - 40. List the prime factors of k(23).
3, 163
Suppose -2*o + 214 = o - k, -5*k + 260 = 4*o. Let v(l) = -2*l**3 + 4*l**2 - l + 31. Let f be v(4). Let a = f + o. What are the prime factors of a?
3, 11
Let o(v) = 11*v**2 + 6*v + 2. Let s be o(-4). Let q = s - 83. List the prime factors of q.
71
Let u(h) = -h**3 - h**2 - 8*h - 3. Let g be u(4). Let v = g - -200. List the prime factors of v.
5, 17
Suppose 4*x + 0 = 16. Suppose 2*m - 5*q + q = 290, m = x*q + 135. What are the prime factors of m?
5, 31
Let d = -26 + 16. Let h be d - ((-3)/(-1) - 3). Let r = h - -30. What are the prime factors of r?
2, 5
Let i(x) = x**2 + 3*x + 4. Let m = 13 - 16. Let p be i(m). Let d = 22 - p. List the prime factors of d.
2, 3
Suppose 5*f - n - 29 = 31, -29 = -3*f + 2*n. Let z = f - 16. List the prime factors of -2 + 2/z*-48.
2, 3, 5
Let g(z) = -z + 16. Let k be g(12). Suppose -k*a - 2*r + 74 = -22